{"id":28,"date":"2017-02-15T09:30:04","date_gmt":"2017-02-15T09:30:04","guid":{"rendered":"http:\/\/valits.eu\/?page_id=28"},"modified":"2022-01-28T09:33:20","modified_gmt":"2022-01-28T09:33:20","slug":"about-project","status":"publish","type":"page","link":"https:\/\/valits.eu\/de\/about-project\/","title":{"rendered":"\u00dcber das Projekt"},"content":{"rendered":"<p><strong><img loading=\"lazy\" decoding=\"async\" class=\"alignnone wp-image-596 size-medium\" src=\"http:\/\/valits.eu\/wp-content\/uploads\/2020\/05\/Logo-300x235.jpg\" alt=\"\" width=\"300\" height=\"235\" srcset=\"https:\/\/valits.eu\/wp-content\/uploads\/2020\/05\/Logo-300x235.jpg 300w, https:\/\/valits.eu\/wp-content\/uploads\/2020\/05\/Logo-768x601.jpg 768w, https:\/\/valits.eu\/wp-content\/uploads\/2020\/05\/Logo.jpg 1000w\" sizes=\"auto, (max-width: 300px) 100vw, 300px\" \/><br \/>\n<\/strong><\/p>\n<p><strong>Mit welchem Problem besch\u00e4ftigt sich das Projekt VALITS 2.0?<\/strong><\/p>\n<p>Geringqualifizierte Personen und benachteiligte Gruppen wie Migranten, ethnische Minderheiten oder Menschen mit Behinderung haben oft Schwierigkeiten, eine Besch\u00e4ftigung zu finden. Dar\u00fcber hinaus ersetzen digitale und technologische Entwicklungen zunehmend geringqualifizierte Arbeitspl\u00e4tze. F\u00fcr diese Personen wird es immer wichtiger, \u00fcber informelle transversale F\u00e4higkeiten zu verf\u00fcgen. Heute sind diese pers\u00f6nlichen F\u00e4higkeiten oft der Schl\u00fcssel f\u00fcr den Zugang zu einem Arbeitsplatz und d\u00fcrften in der Arbeitswelt unerl\u00e4sslich werden. Aber viele dieser Personen haben ihre informellen transversalen F\u00e4higkeiten noch nicht erkannt und sind nicht in der Lage, sie bei der Arbeitssuche zu nutzen.<\/p>\n<p><strong>Was sind informelle transversale F\u00e4higkeiten?<\/strong><\/p>\n<p>Jede Person verf\u00fcgt \u00fcber informelle transversale F\u00e4higkeiten, die in einem Umfeld au\u00dferhalb des formalen Lernens durch pers\u00f6nliche oder berufliche Erfahrungen erlernt werden. Transversale (oder Querschnitts-) F\u00e4higkeiten und Kompetenzen sind f\u00fcr ein breites Spektrum von Berufen relevant und k\u00f6nnen auf andere Arbeitspl\u00e4tze und Sektoren \u00fcbertragen werden. Sie werden oft mit pers\u00f6nlichen F\u00e4higkeiten oder Soft Skills verbunden. Typische Beispiele sind Teamf\u00e4higkeit, interpersonelle F\u00e4higkeiten, Sprachkenntnisse, digitale F\u00e4higkeiten, F\u00fchrungsf\u00e4higkeiten und viele andere.<\/p>\n<p>W\u00e4hrend Schulbildung und Berufserfahrung im Lebenslauf einer Person aufgezeigt und durch Zertifikate best\u00e4tigt werden k\u00f6nnen, gab es bisher keine Validierung informeller transversaler Kompetenzen. Das Projekt VALITS 2.0 soll diesen Gruppen helfen, ihre pers\u00f6nlichen F\u00e4higkeiten anerkennen zu lassen und diese dann entweder zur Arbeitssuche oder zum Erlernen neuer sowie zur Verbesserung bestehender F\u00e4higkeiten zu nutzen.<\/p>\n<p><strong>Die L\u00f6sungsans\u00e4tze von VALITS 2.0<\/strong><\/p>\n<p>W\u00e4hrend der Laufzeit des Projekts wurden drei neue und innovative Tools entwickelt, die zum ersten Mal geringqualifizierte und benachteiligte Personen sowie professionelle Qualifizierungsberater*innen mit einer auf ihre individuellen F\u00e4higkeiten zugeschnittenen Beratung versorgen:<\/p>\n<ol>\n<li>Das VALITS 2.0 Assessment Tool \u2013 Ein Tool, das sich an geringqualifizierte Personen richtet und auf einer Reihe von Tests und Fragen basiert, welche die F\u00e4higkeiten der Benutzer*innen indirekt identifizieren, objektiv bewerten und mit einem glaubw\u00fcrdigen Zertifikat best\u00e4tigen, dem Arbeitgeber*innen vertrauen k\u00f6nnen.<\/li>\n<li>Der VALITS 2.0 Skills Learning Guide \u2013 Diese digitale Datenbank liefert Informationen \u00fcber Lernm\u00f6glichkeiten auf der Grundlage des pers\u00f6nlichen Bewertungsergebnisses.<\/li>\n<li>Das VALITS 2.0 Trainingshandbuch \u2013 Ein Instrument, das darauf abzielt, professionellen Qualifizierungsberater*innen das notwendige Training und Verst\u00e4ndnis daf\u00fcr zu vermitteln, wie sie geringqualifizierte und benachteiligte Personen bei der Identifizierung und besseren Nutzung ihrer informellen transversalen F\u00e4higkeiten unterst\u00fctzen k\u00f6nnen.<\/li>\n<\/ol>\n<p><\/p>","protected":false},"excerpt":{"rendered":"<p>Mit welchem Problem besch\u00e4ftigt sich das Projekt VALITS 2.0? Geringqualifizierte Personen und benachteiligte Gruppen wie Migranten, ethnische Minderheiten oder Menschen mit Behinderung haben oft Schwierigkeiten, eine Besch\u00e4ftigung zu finden. Dar\u00fcber hinaus ersetzen digitale und technologische Entwicklungen zunehmend geringqualifizierte Arbeitspl\u00e4tze. F\u00fcr diese Personen wird es immer wichtiger, \u00fcber informelle transversale F\u00e4higkeiten zu verf\u00fcgen. Heute sind diese [&hellip;]<\/p>\n","protected":false},"author":1,"featured_media":0,"parent":0,"menu_order":0,"comment_status":"closed","ping_status":"closed","template":"","meta":{"footnotes":""},"class_list":["post-28","page","type-page","status-publish","hentry"],"_links":{"self":[{"href":"https:\/\/valits.eu\/de\/wp-json\/wp\/v2\/pages\/28","targetHints":{"allow":["GET"]}}],"collection":[{"href":"https:\/\/valits.eu\/de\/wp-json\/wp\/v2\/pages"}],"about":[{"href":"https:\/\/valits.eu\/de\/wp-json\/wp\/v2\/types\/page"}],"author":[{"embeddable":true,"href":"https:\/\/valits.eu\/de\/wp-json\/wp\/v2\/users\/1"}],"replies":[{"embeddable":true,"href":"https:\/\/valits.eu\/de\/wp-json\/wp\/v2\/comments?post=28"}],"version-history":[{"count":36,"href":"https:\/\/valits.eu\/de\/wp-json\/wp\/v2\/pages\/28\/revisions"}],"predecessor-version":[{"id":937,"href":"https:\/\/valits.eu\/de\/wp-json\/wp\/v2\/pages\/28\/revisions\/937"}],"wp:attachment":[{"href":"https:\/\/valits.eu\/de\/wp-json\/wp\/v2\/media?parent=28"}],"curies":[{"name":"wp","href":"https:\/\/api.w.org\/{rel}","templated":true}]}}

Über das Projekt

<p><strong><img loading="lazy" decoding="async" class="alignnone wp-image-596 size-medium" src="http://valits.eu/wp-content/uploads/2020/05/Logo-300x235.jpg" alt="" width="300" height="235" srcset="https://valits.eu/wp-content/uploads/2020/05/Logo-300x235.jpg 300w, https://valits.eu/wp-content/uploads/2020/05/Logo-768x601.jpg 768w, https://valits.eu/wp-content/uploads/2020/05/Logo.jpg 1000w" sizes="auto, (max-width: 300px) 100vw, 300px" /><br />
</strong></p>
<p><strong>Mit welchem Problem beschäftigt sich das Projekt VALITS 2.0?</strong></p>
<p>Geringqualifizierte Personen und benachteiligte Gruppen wie Migranten, ethnische Minderheiten oder Menschen mit Behinderung haben oft Schwierigkeiten, eine Beschäftigung zu finden. Darüber hinaus ersetzen digitale und technologische Entwicklungen zunehmend geringqualifizierte Arbeitsplätze. Für diese Personen wird es immer wichtiger, über informelle transversale Fähigkeiten zu verfügen. Heute sind diese persönlichen Fähigkeiten oft der Schlüssel für den Zugang zu einem Arbeitsplatz und dürften in der Arbeitswelt unerlässlich werden. Aber viele dieser Personen haben ihre informellen transversalen Fähigkeiten noch nicht erkannt und sind nicht in der Lage, sie bei der Arbeitssuche zu nutzen.</p>
<p><strong>Was sind informelle transversale Fähigkeiten?</strong></p>
<p>Jede Person verfügt über informelle transversale Fähigkeiten, die in einem Umfeld außerhalb des formalen Lernens durch persönliche oder berufliche Erfahrungen erlernt werden. Transversale (oder Querschnitts-) Fähigkeiten und Kompetenzen sind für ein breites Spektrum von Berufen relevant und können auf andere Arbeitsplätze und Sektoren übertragen werden. Sie werden oft mit persönlichen Fähigkeiten oder Soft Skills verbunden. Typische Beispiele sind Teamfähigkeit, interpersonelle Fähigkeiten, Sprachkenntnisse, digitale Fähigkeiten, Führungsfähigkeiten und viele andere.</p>
<p>Während Schulbildung und Berufserfahrung im Lebenslauf einer Person aufgezeigt und durch Zertifikate bestätigt werden können, gab es bisher keine Validierung informeller transversaler Kompetenzen. Das Projekt VALITS 2.0 soll diesen Gruppen helfen, ihre persönlichen Fähigkeiten anerkennen zu lassen und diese dann entweder zur Arbeitssuche oder zum Erlernen neuer sowie zur Verbesserung bestehender Fähigkeiten zu nutzen.</p>
<p><strong>Die Lösungsansätze von VALITS 2.0</strong></p>
<p>Während der Laufzeit des Projekts wurden drei neue und innovative Tools entwickelt, die zum ersten Mal geringqualifizierte und benachteiligte Personen sowie professionelle Qualifizierungsberater*innen mit einer auf ihre individuellen Fähigkeiten zugeschnittenen Beratung versorgen:</p>
<ol>
<li>Das VALITS 2.0 Assessment Tool – Ein Tool, das sich an geringqualifizierte Personen richtet und auf einer Reihe von Tests und Fragen basiert, welche die Fähigkeiten der Benutzer*innen indirekt identifizieren, objektiv bewerten und mit einem glaubwürdigen Zertifikat bestätigen, dem Arbeitgeber*innen vertrauen können.</li>
<li>Der VALITS 2.0 Skills Learning Guide – Diese digitale Datenbank liefert Informationen über Lernmöglichkeiten auf der Grundlage des persönlichen Bewertungsergebnisses.</li>
<li>Das VALITS 2.0 Trainingshandbuch – Ein Instrument, das darauf abzielt, professionellen Qualifizierungsberater*innen das notwendige Training und Verständnis dafür zu vermitteln, wie sie geringqualifizierte und benachteiligte Personen bei der Identifizierung und besseren Nutzung ihrer informellen transversalen Fähigkeiten unterstützen können.</li>
</ol>
<p></p>

<p>Mit welchem Problem beschäftigt sich das Projekt VALITS 2.0? Geringqualifizierte Personen und benachteiligte Gruppen wie Migranten, ethnische Minderheiten oder Menschen mit Behinderung haben oft Schwierigkeiten, eine Beschäftigung zu finden. Darüber hinaus ersetzen digitale und technologische Entwicklungen zunehmend geringqualifizierte Arbeitsplätze. Für diese Personen wird es immer wichtiger, über informelle transversale Fähigkeiten zu verfügen. Heute sind diese [&hellip;]</p>
