{"id":35,"date":"2017-02-15T09:36:04","date_gmt":"2017-02-15T09:36:04","guid":{"rendered":"http:\/\/valits.eu\/?page_id=35"},"modified":"2021-11-10T11:08:51","modified_gmt":"2021-11-10T11:08:51","slug":"about-partners","status":"publish","type":"page","link":"https:\/\/valits.eu\/dk\/about-partners\/","title":{"rendered":"Om Partnerne"},"content":{"rendered":"<p>VALITS 2.0 konsortiet samler fem partnerorganisationer fra Spanien, Polen, \u00d8strig, Portugal og Danmark. Alle partnere er erfarne indenfor Erasmus+ og andre uddannelsesrelaterede projekter.<\/p>\n<div style=\"background-color: #44317105;\">\n<hr \/>\n<p style=\"text-align: center;\"><strong>Projekt Koordinator<\/strong><\/p>\n<p><img loading=\"lazy\" decoding=\"async\" class=\"alignnone size-medium wp-image-40\" src=\"http:\/\/valits.eu\/wp-content\/uploads\/2017\/02\/st-300x58.png\" alt=\"\" width=\"300\" height=\"58\" srcset=\"https:\/\/valits.eu\/wp-content\/uploads\/2017\/02\/st-300x58.png 300w, https:\/\/valits.eu\/wp-content\/uploads\/2017\/02\/st-768x148.png 768w, https:\/\/valits.eu\/wp-content\/uploads\/2017\/02\/st-900x173.png 900w, https:\/\/valits.eu\/wp-content\/uploads\/2017\/02\/st.png 1022w\" sizes=\"auto, (max-width: 300px) 100vw, 300px\" \/><\/p>\n<p>Sea Teach S.L. er en SMV, der siden 1999 opererer b\u00e5de som s\u00f8fartsskole og som charter selskab, i turist &#8220;hotspottet&#8221; p\u00e5 Balearerne. Det er ogs\u00e5 et regionalt erhvervsuddannelses- og voksenuddannelsescenter, og dets kurser har deltagere af studerende fra mange forskellige EU-lande, hvis aldre sp\u00e6nder fra 18 \u00e5r. Sea Teach udviklede og anvendte i 2016 VALITS-projektet (VALIDERING af Uformelle Transversal F\u00e6rdigheder for unge arbejdstagere i turismes\u00e6sonen), som blev afsluttet med succes i 2018 og har f\u00f8rt til implementering af VALITS Valideringsv\u00e6rkt\u00f8jet af den baleariske afdeling i det spanske besk\u00e6ftigelse agentur SOIB. Sea School har bred erfaring med ledelse og implementering af projekter og har samarbejdet med alle projektpartnere i tidligere projekter.<\/p>\n<p><a href=\"http:\/\/www.sea-teach.com\">www.sea-teach.com<\/a><\/p>\n<hr \/>\n<\/div>\n<p><img loading=\"lazy\" decoding=\"async\" class=\"alignnone size-medium wp-image-39\" src=\"http:\/\/valits.eu\/wp-content\/uploads\/2017\/02\/smc-300x70.jpg\" alt=\"\" width=\"300\" height=\"70\" srcset=\"https:\/\/valits.eu\/wp-content\/uploads\/2017\/02\/smc-300x70.jpg 300w, https:\/\/valits.eu\/wp-content\/uploads\/2017\/02\/smc.jpg 649w\" sizes=\"auto, (max-width: 300px) 100vw, 300px\" \/><\/p>\n<p>SMC Study and Management Center er en non-profit organisation i Salzburg i \u00d8strig. Det er et decentraliseret studiecenter og et uafh\u00e6ngigt l\u00e6ringssted med adgang til flere Universiteter (f.eks. Paris-Lodron Universitet i Salzburg, Johannes Kepler Universitet Linz, Fjernundervisningsuniversitet &#8211; FernUniversit\u00e4t i Hagen, University of Applied Sciences Burgenland, Danube-University Krems ). Centret sigter mod at im\u00f8dekomme regionale behov gennem udvikling af programmer til at forbedre adgangen til videreuddannelse i regionen, hvor uddannelsesmulighederne er f\u00e5. Der l\u00e6gges s\u00e6rlig v\u00e6gt p\u00e5 udviklingen af selvl\u00e6ring og online fjernundervisningskurser, \u201danden chance\u201d -ordninger og universitetsudbydelse af efteruddannelse. Det blev grundlagt i 2002 med st\u00f8tte fra Den Europ\u00e6iske Socialfond, det \u00f8strigske forbundsministerium for uddannelse, videnskab og kultur, Saalfelden Kommune, Salzburg og Salzburg Universitet. Siden 2001 har SMC erfaring i adskillige europ\u00e6iske projekter.<\/p>\n<p><a href=\"http:\/\/www.studienzentrum.at\">www.studienzentrum.at<\/a><\/p>\n<hr \/>\n<p><img loading=\"lazy\" decoding=\"async\" class=\"alignnone wp-image-832 size-medium\" src=\"http:\/\/valits.eu\/wp-content\/uploads\/2021\/02\/ludusxr-300x150.png\" alt=\"\" width=\"300\" height=\"150\" srcset=\"https:\/\/valits.eu\/wp-content\/uploads\/2021\/02\/ludusxr-300x150.png 300w, https:\/\/valits.eu\/wp-content\/uploads\/2021\/02\/ludusxr-1024x512.png 1024w, https:\/\/valits.eu\/wp-content\/uploads\/2021\/02\/ludusxr-768x384.png 768w, https:\/\/valits.eu\/wp-content\/uploads\/2021\/02\/ludusxr.png 1135w\" sizes=\"auto, (max-width: 300px) 100vw, 300px\" \/><\/p>\n<p>\u201cLudusXR er specialister i udvikling af computerspil og digitale v\u00e6rkt\u00f8jer til l\u00e6ring, uddannelse og tr\u00e6ning, med s\u00e6rligt speciale i ERASMUS + \/ EU-projekter. Forud for etableringen af LudusXR har vi de sidste 10+ \u00e5r drevet en IT-afdeling ved Videnscenter for Integration i Vejle Kommune, Danmark. Her har vi fungeret som som projektledere- og koordinatorer, partnere, udviklere, fundraisere, salg- og marketingsafdeling og mange andre roller. Med andre ord er vi den fulde pakke.\u201d<\/p>\n<p><a href=\"https:\/\/www.ludusxr.com\/\">www.ludusxr.com<\/a><\/p>\n<hr \/>\n<p><img loading=\"lazy\" decoding=\"async\" class=\"alignnone wp-image-599 size-medium\" src=\"http:\/\/valits.eu\/wp-content\/uploads\/2020\/05\/Clube_logo_horizontal_cores_fundo_transparente-e1589198231579-300x115.png\" alt=\"\" width=\"300\" height=\"115\" srcset=\"https:\/\/valits.eu\/wp-content\/uploads\/2020\/05\/Clube_logo_horizontal_cores_fundo_transparente-e1589198231579-300x115.png 300w, https:\/\/valits.eu\/wp-content\/uploads\/2020\/05\/Clube_logo_horizontal_cores_fundo_transparente-e1589198231579-768x293.png 768w, https:\/\/valits.eu\/wp-content\/uploads\/2020\/05\/Clube_logo_horizontal_cores_fundo_transparente-e1589198231579-1024x391.png 1024w\" sizes=\"auto, (max-width: 300px) 100vw, 300px\" \/><\/p>\n<p>Clube Intercultural Europeu er en non-profit organisation, der har eksisteret siden 1998 og arbejder indenfor omr\u00e5derne ungdom, uddannelse og besk\u00e6ftigelsesegnethed. Vores aktiviteter afspejler v\u00e6rdier og principper, som vi betragter som uundv\u00e6rlige, s\u00e5som menneskerettigheder, inter-kulturalisme, respekt og p\u00e5sk\u00f8nnelse af forskelle. Vi fremmer aktiv deltagelse, empowerment og social integration af b\u00f8rn, unge og voksne i s\u00e5rbare situationer, og stimulerer udvikling af n\u00f8glekompetencer, der er n\u00f8dvendige for personlig opfyldelse og aktivt medborgerskab.<\/p>\n<p><a href=\"https:\/\/clubeinterculturaleuropeu.wordpress.com\">clubeinterculturaleuropeu.wordpress.com<\/a><\/p>\n<hr \/>\n<p style=\"text-align: center;\"><em>Partner from December 2019 to November 2020<\/em><\/p>\n<p><img loading=\"lazy\" decoding=\"async\" class=\"alignnone size-medium wp-image-598\" src=\"http:\/\/valits.eu\/wp-content\/uploads\/2020\/05\/VIFIN-logo-stor-300x95.png\" alt=\"\" width=\"300\" height=\"95\" srcset=\"https:\/\/valits.eu\/wp-content\/uploads\/2020\/05\/VIFIN-logo-stor-300x95.png 300w, https:\/\/valits.eu\/wp-content\/uploads\/2020\/05\/VIFIN-logo-stor-768x244.png 768w, https:\/\/valits.eu\/wp-content\/uploads\/2020\/05\/VIFIN-logo-stor.png 883w\" sizes=\"auto, (max-width: 300px) 100vw, 300px\" \/><\/p>\n<p>VIFIN er et udviklings- og videnscenter i Vejle Kommune. Vi udvikler v\u00e6rkt\u00f8jer og metoder der skal hj\u00e6lpe l\u00e6ring og integration samt skabe, sprede og mainstreame god praksis indenfor integration og social udvikling p\u00e5 lokalt, regionalt, nationalt og internationalt niveau.<\/p>\n<p>Kommunen oprettede VIFIN i 2002 som et center der indsamler og behandler viden om l\u00e6ring og integration af etniske minoriteter og ogs\u00e5 udvikler og implementerer projekter og aktiviteter.<\/p>\n<p>Inden for integrationsomr\u00e5det er VIFINs kernekompetence udvikling af digitale materialer til l\u00e6ring. I \u00e5renes l\u00f8b er vores kompetencer udvidet og r\u00e6kker i dag langt ud over integration og sprogl\u00e6ring, og inkluderer smart-l\u00e6ring og p\u00e6dagogisk innovation med digitale v\u00e6rkt\u00f8jer, generelt. Vi arbejder ogs\u00e5 med projekter og aktiviteter om smarte byer, resiliens og b\u00e6redygtighed.<\/p>\n<p>VIFIN f\u00e5r sine midler til projekter og aktiviteter fra EU, danske ministerier og fra indkomstskabende aktiviteter. Vi ser os selv som en kombination af et ressourcecenter, en projektorganisation og et konsulentbureau.<\/p>\n<p>I Vejle Kommunes organisationsstruktur er VIFIN placeret under forvaltninngen for Uddannelse og L\u00e6ring.<\/p>\n<p><a href=\"http:\/\/www.vifin.dk\">www.vifin.dk<\/a><\/p>","protected":false},"excerpt":{"rendered":"<p>VALITS 2.0 konsortiet samler fem partnerorganisationer fra Spanien, Polen, \u00d8strig, Portugal og Danmark. Alle partnere er erfarne indenfor Erasmus+ og andre uddannelsesrelaterede projekter. Projekt Koordinator Sea Teach S.L. er en SMV, der siden 1999 opererer b\u00e5de som s\u00f8fartsskole og som charter selskab, i turist &#8220;hotspottet&#8221; p\u00e5 Balearerne. Det er ogs\u00e5 et regionalt erhvervsuddannelses- og voksenuddannelsescenter, [&hellip;]<\/p>\n","protected":false},"author":1,"featured_media":0,"parent":0,"menu_order":0,"comment_status":"closed","ping_status":"closed","template":"","meta":{"footnotes":""},"class_list":["post-35","page","type-page","status-publish","hentry"],"_links":{"self":[{"href":"https:\/\/valits.eu\/dk\/wp-json\/wp\/v2\/pages\/35","targetHints":{"allow":["GET"]}}],"collection":[{"href":"https:\/\/valits.eu\/dk\/wp-json\/wp\/v2\/pages"}],"about":[{"href":"https:\/\/valits.eu\/dk\/wp-json\/wp\/v2\/types\/page"}],"author":[{"embeddable":true,"href":"https:\/\/valits.eu\/dk\/wp-json\/wp\/v2\/users\/1"}],"replies":[{"embeddable":true,"href":"https:\/\/valits.eu\/dk\/wp-json\/wp\/v2\/comments?post=35"}],"version-history":[{"count":29,"href":"https:\/\/valits.eu\/dk\/wp-json\/wp\/v2\/pages\/35\/revisions"}],"predecessor-version":[{"id":911,"href":"https:\/\/valits.eu\/dk\/wp-json\/wp\/v2\/pages\/35\/revisions\/911"}],"wp:attachment":[{"href":"https:\/\/valits.eu\/dk\/wp-json\/wp\/v2\/media?parent=35"}],"curies":[{"name":"wp","href":"https:\/\/api.w.org\/{rel}","templated":true}]}}

<p>VALITS 2.0 konsortiet samler fem partnerorganisationer fra Spanien, Polen, Østrig, Portugal og Danmark. Alle partnere er erfarne indenfor Erasmus+ og andre uddannelsesrelaterede projekter.</p>
<div style="background-color: #44317105;">
<hr />
<p style="text-align: center;"><strong>Projekt Koordinator</strong></p>
<p><img loading="lazy" decoding="async" class="alignnone size-medium wp-image-40" src="http://valits.eu/wp-content/uploads/2017/02/st-300x58.png" alt="" width="300" height="58" srcset="https://valits.eu/wp-content/uploads/2017/02/st-300x58.png 300w, https://valits.eu/wp-content/uploads/2017/02/st-768x148.png 768w, https://valits.eu/wp-content/uploads/2017/02/st-900x173.png 900w, https://valits.eu/wp-content/uploads/2017/02/st.png 1022w" sizes="auto, (max-width: 300px) 100vw, 300px" /></p>
<p>Sea Teach S.L. er en SMV, der siden 1999 opererer både som søfartsskole og som charter selskab, i turist &#8220;hotspottet&#8221; på Balearerne. Det er også et regionalt erhvervsuddannelses- og voksenuddannelsescenter, og dets kurser har deltagere af studerende fra mange forskellige EU-lande, hvis aldre spænder fra 18 år. Sea Teach udviklede og anvendte i 2016 VALITS-projektet (VALIDERING af Uformelle Transversal Færdigheder for unge arbejdstagere i turismesæsonen), som blev afsluttet med succes i 2018 og har ført til implementering af VALITS Valideringsværktøjet af den baleariske afdeling i det spanske beskæftigelse agentur SOIB. Sea School har bred erfaring med ledelse og implementering af projekter og har samarbejdet med alle projektpartnere i tidligere projekter.</p>
<p><a href="http://www.sea-teach.com">www.sea-teach.com</a></p>
<hr />
</div>
<p><img loading="lazy" decoding="async" class="alignnone size-medium wp-image-39" src="http://valits.eu/wp-content/uploads/2017/02/smc-300x70.jpg" alt="" width="300" height="70" srcset="https://valits.eu/wp-content/uploads/2017/02/smc-300x70.jpg 300w, https://valits.eu/wp-content/uploads/2017/02/smc.jpg 649w" sizes="auto, (max-width: 300px) 100vw, 300px" /></p>
<p>SMC Study and Management Center er en non-profit organisation i Salzburg i Østrig. Det er et decentraliseret studiecenter og et uafhængigt læringssted med adgang til flere Universiteter (f.eks. Paris-Lodron Universitet i Salzburg, Johannes Kepler Universitet Linz, Fjernundervisningsuniversitet &#8211; FernUniversität i Hagen, University of Applied Sciences Burgenland, Danube-University Krems ). Centret sigter mod at imødekomme regionale behov gennem udvikling af programmer til at forbedre adgangen til videreuddannelse i regionen, hvor uddannelsesmulighederne er få. Der lægges særlig vægt på udviklingen af selvlæring og online fjernundervisningskurser, ”anden chance” -ordninger og universitetsudbydelse af efteruddannelse. Det blev grundlagt i 2002 med støtte fra Den Europæiske Socialfond, det østrigske forbundsministerium for uddannelse, videnskab og kultur, Saalfelden Kommune, Salzburg og Salzburg Universitet. Siden 2001 har SMC erfaring i adskillige europæiske projekter.</p>
<p><a href="http://www.studienzentrum.at">www.studienzentrum.at</a></p>
<hr />
<p><img loading="lazy" decoding="async" class="alignnone wp-image-832 size-medium" src="http://valits.eu/wp-content/uploads/2021/02/ludusxr-300x150.png" alt="" width="300" height="150" srcset="https://valits.eu/wp-content/uploads/2021/02/ludusxr-300x150.png 300w, https://valits.eu/wp-content/uploads/2021/02/ludusxr-1024x512.png 1024w, https://valits.eu/wp-content/uploads/2021/02/ludusxr-768x384.png 768w, https://valits.eu/wp-content/uploads/2021/02/ludusxr.png 1135w" sizes="auto, (max-width: 300px) 100vw, 300px" /></p>
<p>“LudusXR er specialister i udvikling af computerspil og digitale værktøjer til læring, uddannelse og træning, med særligt speciale i ERASMUS + / EU-projekter. Forud for etableringen af LudusXR har vi de sidste 10+ år drevet en IT-afdeling ved Videnscenter for Integration i Vejle Kommune, Danmark. Her har vi fungeret som som projektledere- og koordinatorer, partnere, udviklere, fundraisere, salg- og marketingsafdeling og mange andre roller. Med andre ord er vi den fulde pakke.”</p>
<p><a href="https://www.ludusxr.com/">www.ludusxr.com</a></p>
<hr />
<p><img loading="lazy" decoding="async" class="alignnone wp-image-599 size-medium" src="http://valits.eu/wp-content/uploads/2020/05/Clube_logo_horizontal_cores_fundo_transparente-e1589198231579-300x115.png" alt="" width="300" height="115" srcset="https://valits.eu/wp-content/uploads/2020/05/Clube_logo_horizontal_cores_fundo_transparente-e1589198231579-300x115.png 300w, https://valits.eu/wp-content/uploads/2020/05/Clube_logo_horizontal_cores_fundo_transparente-e1589198231579-768x293.png 768w, https://valits.eu/wp-content/uploads/2020/05/Clube_logo_horizontal_cores_fundo_transparente-e1589198231579-1024x391.png 1024w" sizes="auto, (max-width: 300px) 100vw, 300px" /></p>
<p>Clube Intercultural Europeu er en non-profit organisation, der har eksisteret siden 1998 og arbejder indenfor områderne ungdom, uddannelse og beskæftigelsesegnethed. Vores aktiviteter afspejler værdier og principper, som vi betragter som uundværlige, såsom menneskerettigheder, inter-kulturalisme, respekt og påskønnelse af forskelle. Vi fremmer aktiv deltagelse, empowerment og social integration af børn, unge og voksne i sårbare situationer, og stimulerer udvikling af nøglekompetencer, der er nødvendige for personlig opfyldelse og aktivt medborgerskab.</p>
<p><a href="https://clubeinterculturaleuropeu.wordpress.com">clubeinterculturaleuropeu.wordpress.com</a></p>
<hr />
<p style="text-align: center;"><em>Partner from December 2019 to November 2020</em></p>
<p><img loading="lazy" decoding="async" class="alignnone size-medium wp-image-598" src="http://valits.eu/wp-content/uploads/2020/05/VIFIN-logo-stor-300x95.png" alt="" width="300" height="95" srcset="https://valits.eu/wp-content/uploads/2020/05/VIFIN-logo-stor-300x95.png 300w, https://valits.eu/wp-content/uploads/2020/05/VIFIN-logo-stor-768x244.png 768w, https://valits.eu/wp-content/uploads/2020/05/VIFIN-logo-stor.png 883w" sizes="auto, (max-width: 300px) 100vw, 300px" /></p>
<p>VIFIN er et udviklings- og videnscenter i Vejle Kommune. Vi udvikler værktøjer og metoder der skal hjælpe læring og integration samt skabe, sprede og mainstreame god praksis indenfor integration og social udvikling på lokalt, regionalt, nationalt og internationalt niveau.</p>
<p>Kommunen oprettede VIFIN i 2002 som et center der indsamler og behandler viden om læring og integration af etniske minoriteter og også udvikler og implementerer projekter og aktiviteter.</p>
<p>Inden for integrationsområdet er VIFINs kernekompetence udvikling af digitale materialer til læring. I årenes løb er vores kompetencer udvidet og rækker i dag langt ud over integration og sproglæring, og inkluderer smart-læring og pædagogisk innovation med digitale værktøjer, generelt. Vi arbejder også med projekter og aktiviteter om smarte byer, resiliens og bæredygtighed.</p>
<p>VIFIN får sine midler til projekter og aktiviteter fra EU, danske ministerier og fra indkomstskabende aktiviteter. Vi ser os selv som en kombination af et ressourcecenter, en projektorganisation og et konsulentbureau.</p>
<p>I Vejle Kommunes organisationsstruktur er VIFIN placeret under forvaltninngen for Uddannelse og Læring.</p>
<p><a href="http://www.vifin.dk">www.vifin.dk</a></p>

<p>VALITS 2.0 konsortiet samler fem partnerorganisationer fra Spanien, Polen, Østrig, Portugal og Danmark. Alle partnere er erfarne indenfor Erasmus+ og andre uddannelsesrelaterede projekter. Projekt Koordinator Sea Teach S.L. er en SMV, der siden 1999 opererer både som søfartsskole og som charter selskab, i turist &#8220;hotspottet&#8221; på Balearerne. Det er også et regionalt erhvervsuddannelses- og voksenuddannelsescenter, [&hellip;]</p>
