{"id":35,"date":"2017-02-15T09:36:04","date_gmt":"2017-02-15T09:36:04","guid":{"rendered":"http:\/\/valits.eu\/?page_id=35"},"modified":"2021-11-10T11:08:51","modified_gmt":"2021-11-10T11:08:51","slug":"about-partners","status":"publish","type":"page","link":"https:\/\/valits.eu\/pl\/about-partners\/","title":{"rendered":"Partnerzy"},"content":{"rendered":"<p>Konsorcjum partnerskie VALITS 2.0 to pi\u0119\u0107 organizacji z Hiszpanii, Polski, Austrii, Portugalii i Danii. Partnerzy maj\u0105 do\u015bwiadczenie w pracy z programem Erasmus+ oraz z innymi projektami zwi\u0105zanymi z edukacj\u0105.<\/p>\n<div style=\"background-color: #44317105;\">\n<hr \/>\n<p style=\"text-align: center;\"><strong>Koordynator projektu<\/strong><\/p>\n<p><img loading=\"lazy\" decoding=\"async\" class=\"alignnone size-medium wp-image-40\" src=\"http:\/\/valits.eu\/wp-content\/uploads\/2017\/02\/st-300x58.png\" alt=\"\" width=\"300\" height=\"58\" srcset=\"https:\/\/valits.eu\/wp-content\/uploads\/2017\/02\/st-300x58.png 300w, https:\/\/valits.eu\/wp-content\/uploads\/2017\/02\/st-768x148.png 768w, https:\/\/valits.eu\/wp-content\/uploads\/2017\/02\/st-900x173.png 900w, https:\/\/valits.eu\/wp-content\/uploads\/2017\/02\/st.png 1022w\" sizes=\"auto, (max-width: 300px) 100vw, 300px\" \/><\/p>\n<p>Sea Teach S.L. to sp\u00f3\u0142ka z ograniczon\u0105 odpowiedzialno\u015bci\u0105, od 1999 roku dzia\u0142aj\u0105ca jako Szko\u0142a Morska na Balearach. Jest to regionalne centrum kszta\u0142cenia i szkolenia zawodowego oraz edukacji doros\u0142ych, w ich kursach uczestnicz\u0105 studenci w wieku od 18 lat z wielu kraj\u00f3w UE. Sea Teach w roku 2016, opracowa\u0142 i wdro\u017cy\u0142 projekt VALITS (VALidating Informal Transversal Skills of young workers in seasonal tourism), kt\u00f3ry zosta\u0142 pomy\u015blnie zako\u0144czony w roku 2018. Szko\u0142a Morska posiada szerokie do\u015bwiadczenie w skutecznym zarz\u0105dzaniu i wdra\u017caniu projekt\u00f3w oraz wsp\u00f3\u0142pracowa\u0142a ze wszystkimi partnerami w poprzednich projektach.<\/p>\n<p><a href=\"http:\/\/www.sea-teach.com\">www.sea-teach.com<\/a><\/p>\n<hr \/>\n<\/div>\n<p><img loading=\"lazy\" decoding=\"async\" class=\"alignnone size-medium wp-image-39\" src=\"http:\/\/valits.eu\/wp-content\/uploads\/2017\/02\/smc-300x70.jpg\" alt=\"\" width=\"300\" height=\"70\" srcset=\"https:\/\/valits.eu\/wp-content\/uploads\/2017\/02\/smc-300x70.jpg 300w, https:\/\/valits.eu\/wp-content\/uploads\/2017\/02\/smc.jpg 649w\" sizes=\"auto, (max-width: 300px) 100vw, 300px\" \/><\/p>\n<p>SMC Study and Management Center gGmbH (SMC) jest organizacj\u0105 non-profit, niezale\u017cnym o\u015brodkiem badawczym, punktem kszta\u0142cenia w regionie Salzburga, kt\u00f3ry wsp\u00f3\u0142pracuje z kilkoma uniwersytetami (np. Uniwersytet Paris-Lodron w Salzburgu, Uniwersytet Johannesa Keplera w Linzu, Uniwersytet FernUniversit\u00e4t w Hagen, Uniwersytet Nauk Stosowanych w Burgenlandzie, Danube-University Krems). SMC zosta\u0142 za\u0142o\u017cony w 2002 roku przy wsparciu Europejskich Funduszy Spo\u0142ecznych (Federalne Ministerstwo Edukacji, Nauki i Kultury), gminy Saalfelden, Rz\u0105du Regionalnego Salzburga i Uniwersytetu Paris-Lodron w Salzburgu. Ma na celu zaspokojenie potrzeb regionalnych poprzez tworzenie program\u00f3w maj\u0105cych na celu popraw\u0119 dost\u0119pu do dalszej edukacji i szkole\u0144 w regionach, w kt\u00f3rych mo\u017cliwo\u015bci kszta\u0142cenia s\u0105 ograniczone. SMC uczestniczy w projektach europejskich od 2001 roku.<\/p>\n<p><a href=\"http:\/\/www.studienzentrum.at\">www.studienzentrum.at<\/a><\/p>\n<hr \/>\n<p><img loading=\"lazy\" decoding=\"async\" class=\"alignnone wp-image-832 size-medium\" src=\"http:\/\/valits.eu\/wp-content\/uploads\/2021\/02\/ludusxr-300x150.png\" alt=\"\" width=\"300\" height=\"150\" srcset=\"https:\/\/valits.eu\/wp-content\/uploads\/2021\/02\/ludusxr-300x150.png 300w, https:\/\/valits.eu\/wp-content\/uploads\/2021\/02\/ludusxr-1024x512.png 1024w, https:\/\/valits.eu\/wp-content\/uploads\/2021\/02\/ludusxr-768x384.png 768w, https:\/\/valits.eu\/wp-content\/uploads\/2021\/02\/ludusxr.png 1135w\" sizes=\"auto, (max-width: 300px) 100vw, 300px\" \/><\/p>\n<p>&#8220;LudusXR specjalizuje si\u0119 w tworzeniu gier komputerowych i cyfrowych narz\u0119dzi do nauki, edukacji i szkole\u0144, szczeg\u00f3lnie w projektach europejskich\/Erasmus+. Przed za\u0142o\u017ceniem LudorXR, przez ostatnie 10 lat, prowadzili\u015bmy dzia\u0142 IT w Resource Center for Integration, w Vejle Municipality, Dania. Pracowali\u015bmy jako koordynatorzy projekt\u00f3w, partnerzy, programi\u015bci, pracownicy dzia\u0142\u00f3w sprzeda\u017cy i marketingu oraz w wielu innych rolach. Innymi s\u0142owy, jeste\u015bmy kompletnym zespo\u0142em.&#8221;<\/p>\n<p><a href=\"https:\/\/www.ludusxr.com\/\">www.ludusxr.com<\/a><\/p>\n<hr \/>\n<p><img loading=\"lazy\" decoding=\"async\" class=\"alignnone wp-image-599 size-medium\" src=\"http:\/\/valits.eu\/wp-content\/uploads\/2020\/05\/Clube_logo_horizontal_cores_fundo_transparente-e1589198231579-300x115.png\" alt=\"\" width=\"300\" height=\"115\" srcset=\"https:\/\/valits.eu\/wp-content\/uploads\/2020\/05\/Clube_logo_horizontal_cores_fundo_transparente-e1589198231579-300x115.png 300w, https:\/\/valits.eu\/wp-content\/uploads\/2020\/05\/Clube_logo_horizontal_cores_fundo_transparente-e1589198231579-768x293.png 768w, https:\/\/valits.eu\/wp-content\/uploads\/2020\/05\/Clube_logo_horizontal_cores_fundo_transparente-e1589198231579-1024x391.png 1024w\" sizes=\"auto, (max-width: 300px) 100vw, 300px\" \/><\/p>\n<p>Clube Intercultural Europeu jest organizacj\u0105 non-profit, istniej\u0105c\u0105 od 1998 roku. Dzia\u0142amy g\u0142\u00f3wnie na polu edukacji i szkole\u0144. Dzia\u0142alno\u015b\u0107 odzwierciedla warto\u015bci i zasady, kt\u00f3re s\u0105 niezb\u0119dne, tj. prawa cz\u0142owieka, interkulturalno\u015b\u0107 czy szacunek do r\u00f3\u017cnorodno\u015bci. Promujemy aktywne uczestnictwo, integracj\u0119 spo\u0142eczn\u0105 dzieci, m\u0142odzie\u017cy i doros\u0142ych znajduj\u0105cych si\u0119 w trudnej sytuacji. Robimy to poprzez stymulowanie rozwoju kluczowych kompetencji niezb\u0119dnych do samorealizacji i aktywnego obywatelstwa.<\/p>\n<p><a href=\"https:\/\/clubeinterculturaleuropeu.wordpress.com\">clubeinterculturaleuropeu.wordpress.com<\/a><\/p>\n<hr \/>\n<p style=\"text-align: center;\"><em>Partner od grudnia 2019 do listopada 2020<\/em><\/p>\n<p><img loading=\"lazy\" decoding=\"async\" class=\"alignnone size-medium wp-image-598\" src=\"http:\/\/valits.eu\/wp-content\/uploads\/2020\/05\/VIFIN-logo-stor-300x95.png\" alt=\"\" width=\"300\" height=\"95\" srcset=\"https:\/\/valits.eu\/wp-content\/uploads\/2020\/05\/VIFIN-logo-stor-300x95.png 300w, https:\/\/valits.eu\/wp-content\/uploads\/2020\/05\/VIFIN-logo-stor-768x244.png 768w, https:\/\/valits.eu\/wp-content\/uploads\/2020\/05\/VIFIN-logo-stor.png 883w\" sizes=\"auto, (max-width: 300px) 100vw, 300px\" \/><\/p>\n<p>VIFIN jest o\u015brodkiem rozwojowo-badawczym w gminie Vejle. Opracowujemy narz\u0119dzia i metody, kt\u00f3re wspomagaj\u0105 uczenie si\u0119 i integracj\u0119, jak r\u00f3wnie\u017c tworzenie, rozpowszechnianie i w\u0142\u0105czanie do g\u0142\u00f3wnego nurtu polityki dobrych praktyk w zakresie integracji i rozwoju spo\u0142ecznego na poziomie lokalnym, regionalnym, krajowym i mi\u0119dzynarodowym.<\/p>\n<p>VIFIN zosta\u0142o za\u0142o\u017cone przez gmin\u0119 w 2002r. w celu gromadzenia i przetwarzania wiedzy na temat nauki i integracji mniejszo\u015bci etnicznych a tak\u017ce opracowywania i realizacji projekt\u00f3w i dzia\u0142a\u0144.<\/p>\n<p>W dziedzinie integracji, podstawow\u0105 kompetencj\u0105 VIFIN jest opracowywanie cyfrowych materia\u0142\u00f3w do nauki. Z biegiem lat kompetencje te poszerza\u0142y si\u0119 i obecnie wykraczaj\u0105 poza integracj\u0119 i nauk\u0119 j\u0119zyk\u00f3w obcych. Obejmuj\u0105 one inteligentne uczenie si\u0119 i innowacje pedagogiczne z wykorzystaniem narz\u0119dzi cyfrowych. VIFIN pracuje r\u00f3wnie\u017c nad projektami i dzia\u0142aniami dotycz\u0105cymi inteligentnego miasta, elastyczno\u015bci i zr\u00f3wnowa\u017conego rozwoju.<\/p>\n<p>VIFIN finansuje swoje dzia\u0142ania i projekty z Unii Europejskiej, du\u0144skich ministerstw oraz innych dochodowych dzia\u0142a\u0144. Postrzegaj\u0105 si\u0119, jako po\u0142\u0105czenie centrum zasob\u00f3w, organizacji projekt\u00f3w i agencji doradczej.<\/p>\n<p>VIFIN w strukturze organizacyjnej gminy Vejle, znajduje si\u0119 w Departamencie Edukacji i Nauki.<\/p>\n<p><a href=\"http:\/\/www.vifin.dk\">www.vifin.dk<\/a><\/p>","protected":false},"excerpt":{"rendered":"<p>Konsorcjum partnerskie VALITS 2.0 to pi\u0119\u0107 organizacji z Hiszpanii, Polski, Austrii, Portugalii i Danii. Partnerzy maj\u0105 do\u015bwiadczenie w pracy z programem Erasmus+ oraz z innymi projektami zwi\u0105zanymi z edukacj\u0105. Koordynator projektu Sea Teach S.L. to sp\u00f3\u0142ka z ograniczon\u0105 odpowiedzialno\u015bci\u0105, od 1999 roku dzia\u0142aj\u0105ca jako Szko\u0142a Morska na Balearach. Jest to regionalne centrum kszta\u0142cenia i szkolenia [&hellip;]<\/p>\n","protected":false},"author":1,"featured_media":0,"parent":0,"menu_order":0,"comment_status":"closed","ping_status":"closed","template":"","meta":{"footnotes":""},"class_list":["post-35","page","type-page","status-publish","hentry"],"_links":{"self":[{"href":"https:\/\/valits.eu\/pl\/wp-json\/wp\/v2\/pages\/35","targetHints":{"allow":["GET"]}}],"collection":[{"href":"https:\/\/valits.eu\/pl\/wp-json\/wp\/v2\/pages"}],"about":[{"href":"https:\/\/valits.eu\/pl\/wp-json\/wp\/v2\/types\/page"}],"author":[{"embeddable":true,"href":"https:\/\/valits.eu\/pl\/wp-json\/wp\/v2\/users\/1"}],"replies":[{"embeddable":true,"href":"https:\/\/valits.eu\/pl\/wp-json\/wp\/v2\/comments?post=35"}],"version-history":[{"count":29,"href":"https:\/\/valits.eu\/pl\/wp-json\/wp\/v2\/pages\/35\/revisions"}],"predecessor-version":[{"id":911,"href":"https:\/\/valits.eu\/pl\/wp-json\/wp\/v2\/pages\/35\/revisions\/911"}],"wp:attachment":[{"href":"https:\/\/valits.eu\/pl\/wp-json\/wp\/v2\/media?parent=35"}],"curies":[{"name":"wp","href":"https:\/\/api.w.org\/{rel}","templated":true}]}}

<p>Konsorcjum partnerskie VALITS 2.0 to pięć organizacji z Hiszpanii, Polski, Austrii, Portugalii i Danii. Partnerzy mają doświadczenie w pracy z programem Erasmus+ oraz z innymi projektami związanymi z edukacją.</p>
<div style="background-color: #44317105;">
<hr />
<p style="text-align: center;"><strong>Koordynator projektu</strong></p>
<p><img loading="lazy" decoding="async" class="alignnone size-medium wp-image-40" src="http://valits.eu/wp-content/uploads/2017/02/st-300x58.png" alt="" width="300" height="58" srcset="https://valits.eu/wp-content/uploads/2017/02/st-300x58.png 300w, https://valits.eu/wp-content/uploads/2017/02/st-768x148.png 768w, https://valits.eu/wp-content/uploads/2017/02/st-900x173.png 900w, https://valits.eu/wp-content/uploads/2017/02/st.png 1022w" sizes="auto, (max-width: 300px) 100vw, 300px" /></p>
<p>Sea Teach S.L. to spółka z ograniczoną odpowiedzialnością, od 1999 roku działająca jako Szkoła Morska na Balearach. Jest to regionalne centrum kształcenia i szkolenia zawodowego oraz edukacji dorosłych, w ich kursach uczestniczą studenci w wieku od 18 lat z wielu krajów UE. Sea Teach w roku 2016, opracował i wdrożył projekt VALITS (VALidating Informal Transversal Skills of young workers in seasonal tourism), który został pomyślnie zakończony w roku 2018. Szkoła Morska posiada szerokie doświadczenie w skutecznym zarządzaniu i wdrażaniu projektów oraz współpracowała ze wszystkimi partnerami w poprzednich projektach.</p>
<p><a href="http://www.sea-teach.com">www.sea-teach.com</a></p>
<hr />
</div>
<p><img loading="lazy" decoding="async" class="alignnone size-medium wp-image-39" src="http://valits.eu/wp-content/uploads/2017/02/smc-300x70.jpg" alt="" width="300" height="70" srcset="https://valits.eu/wp-content/uploads/2017/02/smc-300x70.jpg 300w, https://valits.eu/wp-content/uploads/2017/02/smc.jpg 649w" sizes="auto, (max-width: 300px) 100vw, 300px" /></p>
<p>SMC Study and Management Center gGmbH (SMC) jest organizacją non-profit, niezależnym ośrodkiem badawczym, punktem kształcenia w regionie Salzburga, który współpracuje z kilkoma uniwersytetami (np. Uniwersytet Paris-Lodron w Salzburgu, Uniwersytet Johannesa Keplera w Linzu, Uniwersytet FernUniversität w Hagen, Uniwersytet Nauk Stosowanych w Burgenlandzie, Danube-University Krems). SMC został założony w 2002 roku przy wsparciu Europejskich Funduszy Społecznych (Federalne Ministerstwo Edukacji, Nauki i Kultury), gminy Saalfelden, Rządu Regionalnego Salzburga i Uniwersytetu Paris-Lodron w Salzburgu. Ma na celu zaspokojenie potrzeb regionalnych poprzez tworzenie programów mających na celu poprawę dostępu do dalszej edukacji i szkoleń w regionach, w których możliwości kształcenia są ograniczone. SMC uczestniczy w projektach europejskich od 2001 roku.</p>
<p><a href="http://www.studienzentrum.at">www.studienzentrum.at</a></p>
<hr />
<p><img loading="lazy" decoding="async" class="alignnone wp-image-832 size-medium" src="http://valits.eu/wp-content/uploads/2021/02/ludusxr-300x150.png" alt="" width="300" height="150" srcset="https://valits.eu/wp-content/uploads/2021/02/ludusxr-300x150.png 300w, https://valits.eu/wp-content/uploads/2021/02/ludusxr-1024x512.png 1024w, https://valits.eu/wp-content/uploads/2021/02/ludusxr-768x384.png 768w, https://valits.eu/wp-content/uploads/2021/02/ludusxr.png 1135w" sizes="auto, (max-width: 300px) 100vw, 300px" /></p>
<p>&#8220;LudusXR specjalizuje się w tworzeniu gier komputerowych i cyfrowych narzędzi do nauki, edukacji i szkoleń, szczególnie w projektach europejskich/Erasmus+. Przed założeniem LudorXR, przez ostatnie 10 lat, prowadziliśmy dział IT w Resource Center for Integration, w Vejle Municipality, Dania. Pracowaliśmy jako koordynatorzy projektów, partnerzy, programiści, pracownicy działów sprzedaży i marketingu oraz w wielu innych rolach. Innymi słowy, jesteśmy kompletnym zespołem.&#8221;</p>
<p><a href="https://www.ludusxr.com/">www.ludusxr.com</a></p>
<hr />
<p><img loading="lazy" decoding="async" class="alignnone wp-image-599 size-medium" src="http://valits.eu/wp-content/uploads/2020/05/Clube_logo_horizontal_cores_fundo_transparente-e1589198231579-300x115.png" alt="" width="300" height="115" srcset="https://valits.eu/wp-content/uploads/2020/05/Clube_logo_horizontal_cores_fundo_transparente-e1589198231579-300x115.png 300w, https://valits.eu/wp-content/uploads/2020/05/Clube_logo_horizontal_cores_fundo_transparente-e1589198231579-768x293.png 768w, https://valits.eu/wp-content/uploads/2020/05/Clube_logo_horizontal_cores_fundo_transparente-e1589198231579-1024x391.png 1024w" sizes="auto, (max-width: 300px) 100vw, 300px" /></p>
<p>Clube Intercultural Europeu jest organizacją non-profit, istniejącą od 1998 roku. Działamy głównie na polu edukacji i szkoleń. Działalność odzwierciedla wartości i zasady, które są niezbędne, tj. prawa człowieka, interkulturalność czy szacunek do różnorodności. Promujemy aktywne uczestnictwo, integrację społeczną dzieci, młodzieży i dorosłych znajdujących się w trudnej sytuacji. Robimy to poprzez stymulowanie rozwoju kluczowych kompetencji niezbędnych do samorealizacji i aktywnego obywatelstwa.</p>
<p><a href="https://clubeinterculturaleuropeu.wordpress.com">clubeinterculturaleuropeu.wordpress.com</a></p>
<hr />
<p style="text-align: center;"><em>Partner od grudnia 2019 do listopada 2020</em></p>
<p><img loading="lazy" decoding="async" class="alignnone size-medium wp-image-598" src="http://valits.eu/wp-content/uploads/2020/05/VIFIN-logo-stor-300x95.png" alt="" width="300" height="95" srcset="https://valits.eu/wp-content/uploads/2020/05/VIFIN-logo-stor-300x95.png 300w, https://valits.eu/wp-content/uploads/2020/05/VIFIN-logo-stor-768x244.png 768w, https://valits.eu/wp-content/uploads/2020/05/VIFIN-logo-stor.png 883w" sizes="auto, (max-width: 300px) 100vw, 300px" /></p>
<p>VIFIN jest ośrodkiem rozwojowo-badawczym w gminie Vejle. Opracowujemy narzędzia i metody, które wspomagają uczenie się i integrację, jak również tworzenie, rozpowszechnianie i włączanie do głównego nurtu polityki dobrych praktyk w zakresie integracji i rozwoju społecznego na poziomie lokalnym, regionalnym, krajowym i międzynarodowym.</p>
<p>VIFIN zostało założone przez gminę w 2002r. w celu gromadzenia i przetwarzania wiedzy na temat nauki i integracji mniejszości etnicznych a także opracowywania i realizacji projektów i działań.</p>
<p>W dziedzinie integracji, podstawową kompetencją VIFIN jest opracowywanie cyfrowych materiałów do nauki. Z biegiem lat kompetencje te poszerzały się i obecnie wykraczają poza integrację i naukę języków obcych. Obejmują one inteligentne uczenie się i innowacje pedagogiczne z wykorzystaniem narzędzi cyfrowych. VIFIN pracuje również nad projektami i działaniami dotyczącymi inteligentnego miasta, elastyczności i zrównoważonego rozwoju.</p>
<p>VIFIN finansuje swoje działania i projekty z Unii Europejskiej, duńskich ministerstw oraz innych dochodowych działań. Postrzegają się, jako połączenie centrum zasobów, organizacji projektów i agencji doradczej.</p>
<p>VIFIN w strukturze organizacyjnej gminy Vejle, znajduje się w Departamencie Edukacji i Nauki.</p>
<p><a href="http://www.vifin.dk">www.vifin.dk</a></p>

<p>Konsorcjum partnerskie VALITS 2.0 to pięć organizacji z Hiszpanii, Polski, Austrii, Portugalii i Danii. Partnerzy mają doświadczenie w pracy z programem Erasmus+ oraz z innymi projektami związanymi z edukacją. Koordynator projektu Sea Teach S.L. to spółka z ograniczoną odpowiedzialnością, od 1999 roku działająca jako Szkoła Morska na Balearach. Jest to regionalne centrum kształcenia i szkolenia [&hellip;]</p>
