{"id":35,"date":"2017-02-15T09:36:04","date_gmt":"2017-02-15T09:36:04","guid":{"rendered":"http:\/\/valits.eu\/?page_id=35"},"modified":"2021-11-10T11:08:51","modified_gmt":"2021-11-10T11:08:51","slug":"about-partners","status":"publish","type":"page","link":"https:\/\/valits.eu\/pt\/about-partners\/","title":{"rendered":"Sobre os parceiros"},"content":{"rendered":"<p>O cons\u00f3rcio do VALITS 2.0 re\u00fane cinco organiza\u00e7\u00f5es parceiras da Espanha, Pol\u00f3nia, \u00c1ustria, Portugal e Dinamarca. Todos os parceiros t\u00eam uma ampla experi\u00eancia de trabalho ao abrigo do Erasmus + e em outros projetos relacionados com a educa\u00e7\u00e3o.<\/p>\n<div style=\"background-color: #44317105;\">\n<hr \/>\n<p style=\"text-align: center;\"><strong>Coordenador do projeto<\/strong><\/p>\n<p><img loading=\"lazy\" decoding=\"async\" class=\"alignnone size-medium wp-image-40\" src=\"http:\/\/valits.eu\/wp-content\/uploads\/2017\/02\/st-300x58.png\" alt=\"\" width=\"300\" height=\"58\" srcset=\"https:\/\/valits.eu\/wp-content\/uploads\/2017\/02\/st-300x58.png 300w, https:\/\/valits.eu\/wp-content\/uploads\/2017\/02\/st-768x148.png 768w, https:\/\/valits.eu\/wp-content\/uploads\/2017\/02\/st-900x173.png 900w, https:\/\/valits.eu\/wp-content\/uploads\/2017\/02\/st.png 1022w\" sizes=\"auto, (max-width: 300px) 100vw, 300px\" \/><\/p>\n<p>A Sea Teach S.L. \u00e9 uma PME que desenvolve a sua atividade como Escola do Mar e como \u201cCharter Agency\u201d desde 1999, no \u201chotspot\u201d tur\u00edstico das Ilhas Baleares. Constitui-se como um centro de forma\u00e7\u00e3o profissional e de educa\u00e7\u00e3o e forma\u00e7\u00e3o de adultos; os cursos que leciona s\u00e3o frequentados por estudantes de diversos pa\u00edses da Uni\u00e3o Europeia. Em 2016, a Sea Teach desenvolveu e implementou o Projeto VALITS (Valida\u00e7\u00e3o de compet\u00eancias transversais informais de jovens trabalhadores em turismo sazonal), que foi conclu\u00eddo com sucesso em 2018 e levou \u00e0 implementa\u00e7\u00e3o da Ferramenta de Valida\u00e7\u00e3o VALITS pela filial Bale\u00e1rica do Emprego Espanhol ag\u00eancia SOIB. A Sea Teach tem uma vasta experi\u00eancia na gest\u00e3o e implementa\u00e7\u00e3o de projetos com sucesso.<\/p>\n<p><a href=\"http:\/\/www.sea-teach.com\">www.sea-teach.com<\/a><\/p>\n<hr \/>\n<\/div>\n<p><img loading=\"lazy\" decoding=\"async\" class=\"alignnone size-medium wp-image-39\" src=\"http:\/\/valits.eu\/wp-content\/uploads\/2017\/02\/smc-300x70.jpg\" alt=\"\" width=\"300\" height=\"70\" srcset=\"https:\/\/valits.eu\/wp-content\/uploads\/2017\/02\/smc-300x70.jpg 300w, https:\/\/valits.eu\/wp-content\/uploads\/2017\/02\/smc.jpg 649w\" sizes=\"auto, (max-width: 300px) 100vw, 300px\" \/><\/p>\n<p>O SMC Study and Management Center \u00e9 uma organiza\u00e7\u00e3o sem fins lucrativos da regi\u00e3o de Salzburgo, na \u00c1ustria. \u00c9 um centro de estudos descentralizado e um ponto de forma\u00e7\u00e3o independente, que trabalha com v\u00e1rias universidades (ex.: Universidade Paris-Lodron de Salzburgo, Universidade Johannes Kepler Linz, Universidade de Ensino \u00e0 Dist\u00e2ncia &#8211; FernUniversit\u00e4t University em Hagen, Universidade de Ci\u00eancias Aplicadas de Burgenland, Danube-University Krems). O Centro visa atender \u00e0s necessidades regionais atrav\u00e9s da cria\u00e7\u00e3o de programas para melhorar o acesso \u00e0 educa\u00e7\u00e3o e forma\u00e7\u00e3o em regi\u00f5es onde estas oportunidades s\u00e3o quase inexistentes. \u00c9 dada especial aten\u00e7\u00e3o ao desenvolvimento de cursos online \u00e0 dist\u00e2ncia, programas educativos de \u201csegunda oportunidade\u201d e oferta universit\u00e1ria de educa\u00e7\u00e3o e forma\u00e7\u00e3o cont\u00ednua. O SMC foi fundado em 2002, com o apoio do Fundo Social Europeu, do Minist\u00e9rio Federal da Educa\u00e7\u00e3o, Ci\u00eancia e Cultura da \u00c1ustria, do munic\u00edpio de Saalfelden, do Land de Salzburgo e da Universidade de Salzburgo. Desde 2001, a SMC tem desenvolvido v\u00e1rios projetos europeus.<\/p>\n<p><a href=\"http:\/\/www.studienzentrum.at\">www.studienzentrum.at<\/a><\/p>\n<hr \/>\n<p><img loading=\"lazy\" decoding=\"async\" class=\"alignnone wp-image-43 size-medium\" src=\"http:\/\/valits.eu\/wp-content\/uploads\/2017\/02\/logo-DANMAR-z-haslem-386_116-300x90.jpg\" width=\"300\" height=\"90\" srcset=\"https:\/\/valits.eu\/wp-content\/uploads\/2017\/02\/logo-DANMAR-z-haslem-386_116-300x90.jpg 300w, https:\/\/valits.eu\/wp-content\/uploads\/2017\/02\/logo-DANMAR-z-haslem-386_116.jpg 386w\" sizes=\"auto, (max-width: 300px) 100vw, 300px\" \/><br \/>\nA Danmar Computers LLC, fundada em 2000, \u00e9 uma empresa privada que atua no campo das Tecnologias da Informa\u00e7\u00e3o e oferece forma\u00e7\u00e3o vocacional nesse campo. A Danmar tem experi\u00eancia no desenvolvimento de modernos aplicativos m\u00f3veis e Web usados para fins educativos. A Danmar tem uma longa experi\u00eancia na realiza\u00e7\u00e3o de projetos europeus, nos quais a equipa de P&amp;D realiza pesquisas e prepara forma\u00e7\u00f5es adaptadas \u00e0s necessidades de v\u00e1rios alunos. Implementou com sucesso mais de 90 projetos nos \u00e2mbitos do Grundtvig, Leonardo da Vinci, Progress e, recentemente, Erasmus +. Al\u00e9m de ser o parceiro t\u00e9cnico em muitos desses projetos, a Danmar \u00e9 respons\u00e1vel por projetar e coordenar estrat\u00e9gias de divulga\u00e7\u00e3o. A Danmar Computers \u00e9 a autora e fornecedora do AdminProject, um sistema on-line para gest\u00e3o de projetos europeus.<\/p>\n<p><a href=\"http:\/\/www.danmar-computers.com.pl\/\">www.danmar-computers.com.pl<\/a><\/p>\n<hr \/>\n<p><img loading=\"lazy\" decoding=\"async\" class=\"alignnone wp-image-832 size-medium\" src=\"http:\/\/valits.eu\/wp-content\/uploads\/2021\/02\/ludusxr-300x150.png\" alt=\"\" width=\"300\" height=\"150\" srcset=\"https:\/\/valits.eu\/wp-content\/uploads\/2021\/02\/ludusxr-300x150.png 300w, https:\/\/valits.eu\/wp-content\/uploads\/2021\/02\/ludusxr-1024x512.png 1024w, https:\/\/valits.eu\/wp-content\/uploads\/2021\/02\/ludusxr-768x384.png 768w, https:\/\/valits.eu\/wp-content\/uploads\/2021\/02\/ludusxr.png 1135w\" sizes=\"auto, (max-width: 300px) 100vw, 300px\" \/><\/p>\n<p>\u201cNa LudusXR especializamo-nos no desenvolvimento de jogos de computador e ferramentas digitais de aprendizagem, educa\u00e7\u00e3o e forma\u00e7\u00e3o, particularmente no \u00e2mbito de projetos ERASMUS+ \/ EU. Antes da cria\u00e7\u00e3o da LudusXR, nos \u00faltimos 10 anos, dirigimos um departamento de TI no Centro de Recursos para Integra\u00e7\u00e3o, no Munic\u00edpio de Vejle, Dinamarca, onde assumimos fun\u00e7\u00f5es de coordenadores de projetos, parceiros, programadores, fundraisers, nos departamentos de vendas e marketing e muitas outras. Por outras palavras, oferecemos um &#8220;pacote completo.&#8221;<\/p>\n<p><a href=\"https:\/\/www.ludusxr.com\/\">www.ludusxr.com<\/a><\/p>\n<hr \/>\n<p><img loading=\"lazy\" decoding=\"async\" class=\"alignnone wp-image-599 size-medium\" src=\"http:\/\/valits.eu\/wp-content\/uploads\/2020\/05\/Clube_logo_horizontal_cores_fundo_transparente-e1589198231579-300x115.png\" alt=\"\" width=\"300\" height=\"115\" srcset=\"https:\/\/valits.eu\/wp-content\/uploads\/2020\/05\/Clube_logo_horizontal_cores_fundo_transparente-e1589198231579-300x115.png 300w, https:\/\/valits.eu\/wp-content\/uploads\/2020\/05\/Clube_logo_horizontal_cores_fundo_transparente-e1589198231579-768x293.png 768w, https:\/\/valits.eu\/wp-content\/uploads\/2020\/05\/Clube_logo_horizontal_cores_fundo_transparente-e1589198231579-1024x391.png 1024w\" sizes=\"auto, (max-width: 300px) 100vw, 300px\" \/><\/p>\n<p>O Clube Intercultural Europeu \u00e9 uma organiza\u00e7\u00e3o sem fins lucrativos existente desde 1998, que atua nas \u00e1reas da juventude, educa\u00e7\u00e3o, forma\u00e7\u00e3o e empregabilidade. As suas atividades refletem valores e princ\u00edpios que consideram indispens\u00e1veis, como direitos humanos, interculturalidade ou respeito e valoriza\u00e7\u00e3o das diferen\u00e7as. Promove a participa\u00e7\u00e3o ativa, o empoderamento e a inclus\u00e3o social de crian\u00e7as, jovens e adultos em situa\u00e7\u00e3o vulner\u00e1vel, estimulando o desenvolvimento de compet\u00eancias essenciais necess\u00e1rias \u00e0 realiza\u00e7\u00e3o pessoal e \u00e0 cidadania ativa.<\/p>\n<p><a href=\"https:\/\/clubeinterculturaleuropeu.wordpress.com\">clubeinterculturaleuropeu.wordpress.com<\/a><\/p>\n<hr \/>\n<p style=\"text-align: center;\"><em>Partner from December 2019 to November 2020<\/em><\/p>\n<p><img loading=\"lazy\" decoding=\"async\" class=\"alignnone size-medium wp-image-598\" src=\"http:\/\/valits.eu\/wp-content\/uploads\/2020\/05\/VIFIN-logo-stor-300x95.png\" alt=\"\" width=\"300\" height=\"95\" srcset=\"https:\/\/valits.eu\/wp-content\/uploads\/2020\/05\/VIFIN-logo-stor-300x95.png 300w, https:\/\/valits.eu\/wp-content\/uploads\/2020\/05\/VIFIN-logo-stor-768x244.png 768w, https:\/\/valits.eu\/wp-content\/uploads\/2020\/05\/VIFIN-logo-stor.png 883w\" sizes=\"auto, (max-width: 300px) 100vw, 300px\" \/><\/p>\n<p>VIFIN \u00e9 um centro de desenvolvimento e pesquisa do munic\u00edpio de Vejle. Desenvolve ferramentas e metodologias de aprendizagem e integra\u00e7\u00e3o, al\u00e9m de criar, integrar e disseminar boas pr\u00e1ticas de desenvolvimento social ao n\u00edvel local, regional, nacional e internacional.<\/p>\n<p>O Munic\u00edpio de Veile criou o Centro de Recursos para a Integra\u00e7\u00e3o (VIFIN) em 2002 com o objetivo de que este seja uma ag\u00eancia de produ\u00e7\u00e3o de conhecimento sobre aprendizagem e integra\u00e7\u00e3o de minorias \u00e9tnicas.<\/p>\n<p>No campo da integra\u00e7\u00e3o, a principal compet\u00eancia da VIFIN \u00e9 o desenvolvimento de materiais digitais para a aprendizagem. Ao longo dos anos, as suas compet\u00eancias expandiram-se e hoje v\u00e3o al\u00e9m da integra\u00e7\u00e3o e da aprendizagem de idiomas, incluindo a inova\u00e7\u00e3o pedag\u00f3gica com recurso a ferramentas digitais. Tamb\u00e9m desenvolvem atividades no \u00e2mbito das cidades inteligentes, resili\u00eancia e sustentabilidade.<\/p>\n<p>A VIFIN obt\u00e9m financiamento para projetos e atividades atrav\u00e9s da Uni\u00e3o Europeia, minist\u00e9rios dinamarqueses e atividades pr\u00f3prias. V\u00eaem-se como um centro de recursos que desenvolve projetos e que \u00e9, ao mesmo tempo, uma ag\u00eancia de consultoria.<\/p>\n<p>Na estrutura organizacional do munic\u00edpio de Vejle, a VIFIN pertence ao Departamento de Educa\u00e7\u00e3o e Aprendizagem.<\/p>\n<p><a href=\"http:\/\/www.vifin.dk\">www.vifin.dk<\/a><\/p>","protected":false},"excerpt":{"rendered":"<p>O cons\u00f3rcio do VALITS 2.0 re\u00fane cinco organiza\u00e7\u00f5es parceiras da Espanha, Pol\u00f3nia, \u00c1ustria, Portugal e Dinamarca. Todos os parceiros t\u00eam uma ampla experi\u00eancia de trabalho ao abrigo do Erasmus + e em outros projetos relacionados com a educa\u00e7\u00e3o. Coordenador do projeto A Sea Teach S.L. \u00e9 uma PME que desenvolve a sua atividade como Escola [&hellip;]<\/p>\n","protected":false},"author":1,"featured_media":0,"parent":0,"menu_order":0,"comment_status":"closed","ping_status":"closed","template":"","meta":{"footnotes":""},"class_list":["post-35","page","type-page","status-publish","hentry"],"_links":{"self":[{"href":"https:\/\/valits.eu\/pt\/wp-json\/wp\/v2\/pages\/35","targetHints":{"allow":["GET"]}}],"collection":[{"href":"https:\/\/valits.eu\/pt\/wp-json\/wp\/v2\/pages"}],"about":[{"href":"https:\/\/valits.eu\/pt\/wp-json\/wp\/v2\/types\/page"}],"author":[{"embeddable":true,"href":"https:\/\/valits.eu\/pt\/wp-json\/wp\/v2\/users\/1"}],"replies":[{"embeddable":true,"href":"https:\/\/valits.eu\/pt\/wp-json\/wp\/v2\/comments?post=35"}],"version-history":[{"count":29,"href":"https:\/\/valits.eu\/pt\/wp-json\/wp\/v2\/pages\/35\/revisions"}],"predecessor-version":[{"id":911,"href":"https:\/\/valits.eu\/pt\/wp-json\/wp\/v2\/pages\/35\/revisions\/911"}],"wp:attachment":[{"href":"https:\/\/valits.eu\/pt\/wp-json\/wp\/v2\/media?parent=35"}],"curies":[{"name":"wp","href":"https:\/\/api.w.org\/{rel}","templated":true}]}}

<p>O consórcio do VALITS 2.0 reúne cinco organizações parceiras da Espanha, Polónia, Áustria, Portugal e Dinamarca. Todos os parceiros têm uma ampla experiência de trabalho ao abrigo do Erasmus + e em outros projetos relacionados com a educação.</p>
<div style="background-color: #44317105;">
<hr />
<p style="text-align: center;"><strong>Coordenador do projeto</strong></p>
<p><img loading="lazy" decoding="async" class="alignnone size-medium wp-image-40" src="http://valits.eu/wp-content/uploads/2017/02/st-300x58.png" alt="" width="300" height="58" srcset="https://valits.eu/wp-content/uploads/2017/02/st-300x58.png 300w, https://valits.eu/wp-content/uploads/2017/02/st-768x148.png 768w, https://valits.eu/wp-content/uploads/2017/02/st-900x173.png 900w, https://valits.eu/wp-content/uploads/2017/02/st.png 1022w" sizes="auto, (max-width: 300px) 100vw, 300px" /></p>
<p>A Sea Teach S.L. é uma PME que desenvolve a sua atividade como Escola do Mar e como “Charter Agency” desde 1999, no “hotspot” turístico das Ilhas Baleares. Constitui-se como um centro de formação profissional e de educação e formação de adultos; os cursos que leciona são frequentados por estudantes de diversos países da União Europeia. Em 2016, a Sea Teach desenvolveu e implementou o Projeto VALITS (Validação de competências transversais informais de jovens trabalhadores em turismo sazonal), que foi concluído com sucesso em 2018 e levou à implementação da Ferramenta de Validação VALITS pela filial Baleárica do Emprego Espanhol agência SOIB. A Sea Teach tem uma vasta experiência na gestão e implementação de projetos com sucesso.</p>
<p><a href="http://www.sea-teach.com">www.sea-teach.com</a></p>
<hr />
</div>
<p><img loading="lazy" decoding="async" class="alignnone size-medium wp-image-39" src="http://valits.eu/wp-content/uploads/2017/02/smc-300x70.jpg" alt="" width="300" height="70" srcset="https://valits.eu/wp-content/uploads/2017/02/smc-300x70.jpg 300w, https://valits.eu/wp-content/uploads/2017/02/smc.jpg 649w" sizes="auto, (max-width: 300px) 100vw, 300px" /></p>
<p>O SMC Study and Management Center é uma organização sem fins lucrativos da região de Salzburgo, na Áustria. É um centro de estudos descentralizado e um ponto de formação independente, que trabalha com várias universidades (ex.: Universidade Paris-Lodron de Salzburgo, Universidade Johannes Kepler Linz, Universidade de Ensino à Distância &#8211; FernUniversität University em Hagen, Universidade de Ciências Aplicadas de Burgenland, Danube-University Krems). O Centro visa atender às necessidades regionais através da criação de programas para melhorar o acesso à educação e formação em regiões onde estas oportunidades são quase inexistentes. É dada especial atenção ao desenvolvimento de cursos online à distância, programas educativos de “segunda oportunidade” e oferta universitária de educação e formação contínua. O SMC foi fundado em 2002, com o apoio do Fundo Social Europeu, do Ministério Federal da Educação, Ciência e Cultura da Áustria, do município de Saalfelden, do Land de Salzburgo e da Universidade de Salzburgo. Desde 2001, a SMC tem desenvolvido vários projetos europeus.</p>
<p><a href="http://www.studienzentrum.at">www.studienzentrum.at</a></p>
<hr />
<p><img loading="lazy" decoding="async" class="alignnone wp-image-43 size-medium" src="http://valits.eu/wp-content/uploads/2017/02/logo-DANMAR-z-haslem-386_116-300x90.jpg" width="300" height="90" srcset="https://valits.eu/wp-content/uploads/2017/02/logo-DANMAR-z-haslem-386_116-300x90.jpg 300w, https://valits.eu/wp-content/uploads/2017/02/logo-DANMAR-z-haslem-386_116.jpg 386w" sizes="auto, (max-width: 300px) 100vw, 300px" /><br />
A Danmar Computers LLC, fundada em 2000, é uma empresa privada que atua no campo das Tecnologias da Informação e oferece formação vocacional nesse campo. A Danmar tem experiência no desenvolvimento de modernos aplicativos móveis e Web usados para fins educativos. A Danmar tem uma longa experiência na realização de projetos europeus, nos quais a equipa de P&amp;D realiza pesquisas e prepara formações adaptadas às necessidades de vários alunos. Implementou com sucesso mais de 90 projetos nos âmbitos do Grundtvig, Leonardo da Vinci, Progress e, recentemente, Erasmus +. Além de ser o parceiro técnico em muitos desses projetos, a Danmar é responsável por projetar e coordenar estratégias de divulgação. A Danmar Computers é a autora e fornecedora do AdminProject, um sistema on-line para gestão de projetos europeus.</p>
<p><a href="http://www.danmar-computers.com.pl/">www.danmar-computers.com.pl</a></p>
<hr />
<p><img loading="lazy" decoding="async" class="alignnone wp-image-832 size-medium" src="http://valits.eu/wp-content/uploads/2021/02/ludusxr-300x150.png" alt="" width="300" height="150" srcset="https://valits.eu/wp-content/uploads/2021/02/ludusxr-300x150.png 300w, https://valits.eu/wp-content/uploads/2021/02/ludusxr-1024x512.png 1024w, https://valits.eu/wp-content/uploads/2021/02/ludusxr-768x384.png 768w, https://valits.eu/wp-content/uploads/2021/02/ludusxr.png 1135w" sizes="auto, (max-width: 300px) 100vw, 300px" /></p>
<p>“Na LudusXR especializamo-nos no desenvolvimento de jogos de computador e ferramentas digitais de aprendizagem, educação e formação, particularmente no âmbito de projetos ERASMUS+ / EU. Antes da criação da LudusXR, nos últimos 10 anos, dirigimos um departamento de TI no Centro de Recursos para Integração, no Município de Vejle, Dinamarca, onde assumimos funções de coordenadores de projetos, parceiros, programadores, fundraisers, nos departamentos de vendas e marketing e muitas outras. Por outras palavras, oferecemos um &#8220;pacote completo.&#8221;</p>
<p><a href="https://www.ludusxr.com/">www.ludusxr.com</a></p>
<hr />
<p><img loading="lazy" decoding="async" class="alignnone wp-image-599 size-medium" src="http://valits.eu/wp-content/uploads/2020/05/Clube_logo_horizontal_cores_fundo_transparente-e1589198231579-300x115.png" alt="" width="300" height="115" srcset="https://valits.eu/wp-content/uploads/2020/05/Clube_logo_horizontal_cores_fundo_transparente-e1589198231579-300x115.png 300w, https://valits.eu/wp-content/uploads/2020/05/Clube_logo_horizontal_cores_fundo_transparente-e1589198231579-768x293.png 768w, https://valits.eu/wp-content/uploads/2020/05/Clube_logo_horizontal_cores_fundo_transparente-e1589198231579-1024x391.png 1024w" sizes="auto, (max-width: 300px) 100vw, 300px" /></p>
<p>O Clube Intercultural Europeu é uma organização sem fins lucrativos existente desde 1998, que atua nas áreas da juventude, educação, formação e empregabilidade. As suas atividades refletem valores e princípios que consideram indispensáveis, como direitos humanos, interculturalidade ou respeito e valorização das diferenças. Promove a participação ativa, o empoderamento e a inclusão social de crianças, jovens e adultos em situação vulnerável, estimulando o desenvolvimento de competências essenciais necessárias à realização pessoal e à cidadania ativa.</p>
<p><a href="https://clubeinterculturaleuropeu.wordpress.com">clubeinterculturaleuropeu.wordpress.com</a></p>
<hr />
<p style="text-align: center;"><em>Partner from December 2019 to November 2020</em></p>
<p><img loading="lazy" decoding="async" class="alignnone size-medium wp-image-598" src="http://valits.eu/wp-content/uploads/2020/05/VIFIN-logo-stor-300x95.png" alt="" width="300" height="95" srcset="https://valits.eu/wp-content/uploads/2020/05/VIFIN-logo-stor-300x95.png 300w, https://valits.eu/wp-content/uploads/2020/05/VIFIN-logo-stor-768x244.png 768w, https://valits.eu/wp-content/uploads/2020/05/VIFIN-logo-stor.png 883w" sizes="auto, (max-width: 300px) 100vw, 300px" /></p>
<p>VIFIN é um centro de desenvolvimento e pesquisa do município de Vejle. Desenvolve ferramentas e metodologias de aprendizagem e integração, além de criar, integrar e disseminar boas práticas de desenvolvimento social ao nível local, regional, nacional e internacional.</p>
<p>O Município de Veile criou o Centro de Recursos para a Integração (VIFIN) em 2002 com o objetivo de que este seja uma agência de produção de conhecimento sobre aprendizagem e integração de minorias étnicas.</p>
<p>No campo da integração, a principal competência da VIFIN é o desenvolvimento de materiais digitais para a aprendizagem. Ao longo dos anos, as suas competências expandiram-se e hoje vão além da integração e da aprendizagem de idiomas, incluindo a inovação pedagógica com recurso a ferramentas digitais. Também desenvolvem atividades no âmbito das cidades inteligentes, resiliência e sustentabilidade.</p>
<p>A VIFIN obtém financiamento para projetos e atividades através da União Europeia, ministérios dinamarqueses e atividades próprias. Vêem-se como um centro de recursos que desenvolve projetos e que é, ao mesmo tempo, uma agência de consultoria.</p>
<p>Na estrutura organizacional do município de Vejle, a VIFIN pertence ao Departamento de Educação e Aprendizagem.</p>
<p><a href="http://www.vifin.dk">www.vifin.dk</a></p>

<p>O consórcio do VALITS 2.0 reúne cinco organizações parceiras da Espanha, Polónia, Áustria, Portugal e Dinamarca. Todos os parceiros têm uma ampla experiência de trabalho ao abrigo do Erasmus + e em outros projetos relacionados com a educação. Coordenador do projeto A Sea Teach S.L. é uma PME que desenvolve a sua atividade como Escola [&hellip;]</p>
